+ 14 = -5*t, -3*l + 29 = -2*t. Suppose 4*x - 4*m + 36 = 0, 3*x + m = -4 - l. Calculate f(x).
-1
Let z(c) be the third derivative of -c**5/40 - c**4/24 - 13*c**3/2 - 22*c**2. Let r(d) be the first derivative of z(d). Give r(-3).
8
Suppose 2*k = -4*x - 2, -3*k - 23 = x - 5*x. Suppose n - 3*n + 5 = u, x*u - 4*n = -22. Let z(w) = w**2 + 4*w. Determine z(u).
-3
Let u(b) = b**3 + b. Let l(f) = -2*f**3 - 5*f**2 + f. Let i(k) = l(k) + 3*u(k). Let c = 0 - -5. Let w = c + -2. What is i(w)?
-6
Let p(u) be the first derivative of u**5/60 + u**4/24 - 2*u**3/3 + 2*u**2 + 7. Let t(y) be the second derivative of p(y). Let l = 56 - 56. Calculate t(l).
-4
Let d(o) = o + 5. Let s = 13 - 23. Let n be ((-6)/s)/(4/20). Let g be (0/(3/n))/(-3). Give d(g).
5
Let u = 5 + -1. Let q(f) be the second derivative of 1/12*f**4 + 11*f + 0 + 0*f**3 - 1/2*f**2. Calculate q(u).
15
Suppose 5*d - 4*g = -47, -2*g + 13 - 7 = 0. Let r(v) = 8*v - 14. Calculate r(d).
-70
Let i(t) be the second derivative of -t**5/20 + t**4/12 - 7*t**2/2 + 2*t - 14. Determine i(0).
-7
Suppose -50*f = 56*f - 424. Let j(y) = -y**3 + 3*y**2 + 4*y + 2. Calculate j(f).
2
Let c(y) = y**3 - 2*y**2 + y - 4. Let n(d) = 13*d**3 + 6*d**2 + d + 10. Let v(j) = -2*c(j) - n(j). What is v(-1)?
14
Let j(h) = -5*h + 4. Let g(t) = -8*t + 7. Let u(c) = -3*g(c) + 5*j(c). What is u(-11)?
10
Suppose 2*x - 9 = -x. Let n(b) = b - 9. Let i be n(11). Let d(z) = -2*z**3 + 5*z + 3*z**x + 6*z**i + 3 - z**2. Calculate d(-3).
6
Let y(x) = -7*x**3 + 6*x**2 + 6*x - 19. Let b(q) = -13*q**3 + 11*q**2 + 11*q - 37. Let u(a) = 6*b(a) - 11*y(a). Calculate u(0).
-13
Let m(x) = 14*x**2 - 16. Let b be -4*11/6*(-72)/48. Let d(f) = 3*f**2 - 3. Let h(v) = b*d(v) - 2*m(v). Suppose -6 + 3 = 3*t. Give h(t).
4
Suppose 9 + 12 = 3*p. Suppose 8 = p*h - 3*h. Let s(v) = -2*v - 3*v + 3*v - v**h + 4. Give s(-4).
-4
Let p(r) = -3*r - 17 - 8*r - 3*r**2 + 0*r**2 + 4*r**2 + 10*r. What is p(0)?
-17
Suppose 0 = -2*j - 18. Let s be ((-16)/36)/(2/j). Let p(z) = 5*z**2 + 0*z + 3*z - s*z. Give p(-1).
4
Let z(w) = -w**3 - 8*w**2 + 2*w + 4. Let y(d) = d**3 + 9*d**2 - 3*d - 5. Let k(v) = -4*y(v) - 5*z(v). Determine k(-2).
4
Suppose 9*y - 3*y - 78 = 0. Let h(u) = y + 2*u**2 + 18 - 47 + 15. What is h(-3)?
17
Let a(p) be the third derivative of -p**4/8 - 4*p**3/3 - 12*p**2 + 4. Determine a(-5).
7
Let d = -31 + 35. Suppose -2*v + d = -5*b, -6*b - 10 = -b. Let g(a) = a**2 + 2*a - 2. Determine g(v).
1
Let o = 22 - 25. Let f(n) = 4*n - 4. Let h(z) = 7*z + 5 - 3*z - 9*z. Let q(r) = o*h(r) - 4*f(r). Give q(5).
-4
Let c = 7 + -12. Let x(s) = 13 + 8*s + 8*s**2 - 6 - 14*s**2 + 7*s**2. Calculate x(c).
-8
Let w(n) = n**2 + 9*n - 7. Suppose 4*a + 8 = 44. Let p be -2 + (0 - -2) + 0. Suppose p*g - a = g. What is w(g)?
-7
Let z(i) = 5*i**3 - 28*i**2 - i - 14. Let w(g) = -9*g**3 + 55*g**2 + 2*g + 29. Let u(l) = -6*w(l) - 11*z(l). Calculate u(-22).
2
Let k = -7 - -11. Let i be (-5)/(10/k)*-1. Let t(h) = -h**3 + 5*h**2 + h + 2. Let o(s) = -3*s**3 + 16*s**2 + 4*s + 7. Let z(f) = -2*o(f) + 7*t(f). What is z(i)?
2
Let z(h) = -h**2 + 8*h. Let v(n) = 2*n - 4. Let s(p) = v(p) - z(p). What is s(5)?
-9
Let m(n) = -13*n**2 + 14*n + 16. Let t(y) = 9*y**2 - 10*y - 11. Let w(k) = -5*m(k) - 7*t(k). Give w(-3).
15
Let n(a) be the first derivative of 1/2*a**2 + 3 + 2*a. Suppose 30 = -5*h - 3*q, -5*q - 4 - 2 = h. Calculate n(h).
-4
Let r(j) = -7*j + j + 5*j + 4*j + 5. Determine r(-3).
-4
Let i(n) be the third derivative of 0*n - 2/3*n**3 + 0 - 1/8*n**4 - 16*n**2 + 1/60*n**5. Determine i(3).
-4
Suppose -521 + 129 = 28*v. Let l(y) = -y + 20. Determine l(v).
34
Suppose 30*f - 10 = 2*y + 27*f, 0 = 4*y - 2*f + 36. Let j(m) = m + 7. What is j(y)?
-4
Let x(u) = 6*u - 203. Let m be x(35). Let z(i) = -i**3 - 7 + 6*i**2 + i**2 - 2. What is z(m)?
-9
Let b be (((-96)/15)/(-4))/((-2)/5). Let j(f) = -2*f**2 - 4*f - 4. What is j(b)?
-20
Suppose 0*y + y + 19 = -4*l, -y = l + 7. Let k(f) = 5*f**2 - 20*f - 7. Let u(m) = 3*m**2 - 11*m - 4. Let x(s) = -4*k(s) + 7*u(s). Determine x(y).
0
Let t = 55 - 51. Let i = -12 + 20. Suppose t*n - i = -4. Let l(j) = -6*j + 1. Give l(n).
-5
Let i(y) be the third derivative of y**6/8 - y**5/60 + 2*y**2. Let m be 0/(-3 - -6) - (-7)/7. Give i(m).
14
Let a(x) = -x**3 - 10*x**2 - 23*x + 3. Let k be a(-6). Let n(h) be the third derivative of -h**6/120 - h**5/20 - h**4/12 - h**3/2 + 41*h**2. Determine n(k).
3
Let b(f) be the third derivative of f**7/2520 + f**6/120 - 2*f**5/15 + 6*f**2. Let w(j) be the third derivative of b(j). What is w(-6)?
-6
Let j(t) be the first derivative of -2*t**3/3 - t**2 + 5*t - 240. What is j(2)?
-7
Let n(w) = 2*w**2 + 24*w + 28. Let o be n(-11). Let x(k) = -2*k - 8. What is x(o)?
-20
Let q(a) = a**3 - 13*a**2 - 2*a + 25. Let d be -4 - (-6 + 8) - -19. Determine q(d).
-1
Let p(v) = -v**2 + 2*v + 5. Suppose 5*g - 24*c + 2 = -22*c, -5*c = 5*g - 5. Determine p(g).
5
Let v(a) be the second derivative of 0 - 2*a + 0*a**2 + 1/6*a**3. Let k be 16/(-5) - (-128)/(-160). What is v(k)?
-4
Let c(r) = 3*r - 31*r**2 - 32*r**2 - 33*r**2 + 95*r**2 - 2. Give c(3).
-2
Suppose 8 + 8 = 16*f. Let n(h) = -2*h**2 - f - h**3 - 10*h**3 + h - 5*h + 12*h**3. Give n(4).
15
Let b(y) = y**2 - 2*y - 6. Let j be b(4). Let d(g) = g - 1. Let l(k) = -k - 3. Let c(s) = j*d(s) + l(s). What is c(-4)?
-9
Let a be 42/98 + -2 + 74/7. Suppose a*n - 10*n + 4 = 0. Let t(k) be the second derivative of -k**3/6 - k**2/2 + 2*k. Calculate t(n).
-5
Let p(q) be the second derivative of 7*q**3/3 + 5*q**2/2 - 324*q. Determine p(-1).
-9
Let f(d) be the second derivative of -d**3 - 12*d**2 + 242*d. Calculate f(-4).
0
Let b(j) = -j**3 - 5. Suppose 4*y = -5*u - 10, 0 = 2*u - 4*u - 4. Suppose -4*f + 5*a - 25 = y, -15 = 4*f - 3*a - 0*a. Let c be 0/(-1 + (f - 1)). Determine b(c).
-5
Let w(z) be the third derivative of z**4/24 - z**3/3 + z**2. Let c be (0*(-1)/(-2))/(-1). Give w(c).
-2
Let i be (1 + 0)/2*2. Let c(r) = -r - r**2 - 6*r**2 + 2*r**2 - 3 - 1. Let w(q) = -q**2 - q - 1. Let v(o) = i*c(o) - 4*w(o). Give v(4).
-4
Let l(b) = -b + 10. Let r(w) = -8*w - 18. Let h be r(-3). Give l(h).
4
Let w(q) = q - 11 + 33 - 11 - 5*q - 8. Give w(-5).
23
Let h be (-4)/18 + 224/36. Let j(c) = 23*c**3 - 7*c - 22*c**3 + 72 - 67 - 5*c**2. Calculate j(h).
-1
Let m = 2 - -1. Let f(z) = -z**2 + 5*z - 4. Let b be f(3). Let w(t) = -4*t**b + 3*t**2 - m*t + 3 - 3 - 1. Give w(-5).
-11
Suppose 2*l + 4 = l - 4*b, -5*b = -3*l + 5. Suppose -4*h - 46 + 6 = l. Let k be 40/h*(-1)/(-2). Let r(d) = -d**3 - d**2 + 2. Determine r(k).
6
Let j(m) = 116*m**2 + 2*m + 3*m - 6*m - 116*m**2 + 16*m**3. Give j(1).
15
Let r(d) = 6 + 199*d**2 + 9 - d - 190*d**2 - d**3. Give r(9).
6
Let t(c) be the second derivative of -c**4/6 + 3*c**3/2 - 13*c**2/2 + 289*c. Give t(2).
-3
Let s(k) = k + 5. Let x = 30 + -31. Let i be (-3)/x*35/(-21). What is s(i)?
0
Let s(r) = -r. Let k(i) = 2*i. Let u(n) = 4*k(n) + 9*s(n). Let f be 1 + (-4)/(-4)*1. Let z(p) = -3*p - 1. Let y(w) = f*u(w) - z(w). What is y(-3)?
-2
Let f be ((-493)/34)/(-29)*(1 - 3). Let a(r) = -61*r**3 - r**2 + 1. Calculate a(f).
61
Let s(g) = -g + 16. Let a be 13*1*(-1 - 2 - -4). Give s(a).
3
Let w(m) = 6*m - 2. Suppose -4*f = -3*f - 11. Suppose 0 = -5*z - 3*v + 59, 4*z - 60 = -3*v - f. Let d be (-36)/(-21) + z/35. Give w(d).
10
Let d(l) = -l - 11. Let i = -317 + 311. Determine d(i).
-5
Suppose 4*g = 2*h - 5*h + 5, 4*h + 2*g = 0. Let q(c) = -2*c. Calculate q(h).
2
Suppose 8*j + 42 = 15*j. Let v(k) = -k**2 + 3*k + 4. Determine v(j).
-14
Let n be (-1)/(-4) + (-15)/(-4). Let v(c) be the second derivative of -5/2*c**2 - 15*c + 1/6*c**3 + 0. Calculate v(n).
-1
Let p(u) = 5*u**3 + 8*u - 3. Let d(b) = b**3 + b**2 + 2*b - 1. Let l(o) = -6*d(o) + p(o). Give l(-4).
-13
Let b = 9 + -7. Let d(u) = -10 - 3*u + b*u + 2*u + 12. Give d(2).
4
Let z be (-18)/12*104/(-39). Let a(u) = u**2 - 4*u + 5. What is a(z)?
5
Let c(a) = -6*a + 7. Let x(l) = -l. Suppose 5*r - 2*s - 10 = -38, -2*r = 2*s. Let f be x(r). Let u(z) = 3*z - 3. Let i(n) = f*c(n) + 9*u(n). Calculate i(3).
10
Let n(m) = m**2 + m + 2. Let a(t) = 2*t - 2. Suppose 5*b = 2*o + 20, b - 12 = o - 2*b. Let j be a(o). Let y be -2 - j/(-5 - -3). Calculate n(y).
8
Suppose -z + 0*z = -4. Let r(q) = 7*q - 1. Let h(t) = -t. Let s(o) = z*h(o) + r(o). Give s(-3).
-10
Let n(r) = -r + 3. Suppose